{"id":30,"date":"2025-09-26T16:15:17","date_gmt":"2025-09-26T19:15:17","guid":{"rendered":"https:\/\/senadorcanedo.go.gov.br\/semed\/?page_id=30"},"modified":"2025-10-29T15:49:10","modified_gmt":"2025-10-29T18:49:10","slug":"edital-de-selecao-interna-de-professores-efetivos-da-rede-municipal-de-ensino-de-senador-canedo-para-atuarem-como-professores-conteudistas","status":"publish","type":"page","link":"https:\/\/senadorcanedo.go.gov.br\/semed\/edital-de-selecao-interna-de-professores-efetivos-da-rede-municipal-de-ensino-de-senador-canedo-para-atuarem-como-professores-conteudistas\/","title":{"rendered":"EDITAL DE SELE\u00c7\u00c3O INTERNA DE PROFESSORES EFETIVOS"},"content":{"rendered":"\n<p class=\"has-medium-font-size\"><strong>EDITAL DE SELE\u00c7\u00c3O INTERNA DE PROFESSORES EFETIVOS DA REDE MUNICIPAL DE ENSINO DE SENADOR CANEDO PARA ATUAREM COMO PROFESSORES CONTEUDISTAS<\/strong><\/p>\n\n\n\n<p class=\"has-medium-font-size\"><a href=\"https:\/\/senadorcanedo.go.gov.br\/semed\/wp-content\/uploads\/sites\/9\/2025\/09\/Edital_professorconteudista_assinado-1.pdf\">Clique aqui e acesse o edital <\/a><\/p>\n\n\n\n<p class=\"has-medium-font-size\"><a href=\"https:\/\/senadorcanedo.go.gov.br\/semed\/wp-content\/uploads\/sites\/9\/2025\/09\/Anexo-II-Termo-de-Compromisso-1.pdf\">Anexo II &#8211; Termo de Compromisso <\/a><\/p>\n\n\n\n<p><\/p>\n\n\n\n<p><\/p>\n\n\n\n<p class=\"has-medium-font-size\">Formul\u00e1rios: <\/p>\n\n\n\n<p class=\"has-medium-font-size\"><a href=\"https:\/\/forms.gle\/joGSduRBKiyTDXWK8\">Formul\u00e1rio de Inscri\u00e7\u00e3o<\/a><\/p>\n\n\n\n<p class=\"has-medium-font-size\"><a href=\"https:\/\/forms.gle\/SSebqGiVrVb8L8nM7\">Formul\u00e1rio de Recurso sobre Inscri\u00e7\u00f5es<\/a><\/p>\n\n\n\n<p class=\"has-medium-font-size\"><a href=\"https:\/\/forms.gle\/FCZEVDZz5o5RYLVj7\">Formul\u00e1rio de Recurso sobre Resultado Preliminar<\/a><\/p>\n\n\n\n<p><\/p>\n\n\n\n<p><strong>Resultados <\/strong><\/p>\n\n\n\n<p><\/p>\n\n\n\n<p><a href=\"https:\/\/senadorcanedo.go.gov.br\/semed\/wp-content\/uploads\/sites\/9\/2025\/10\/emissao_F7F7B188D5A1A1EC86BF61F1_memorando-oficio-comum-53.092-2025_assinado_versaoImpressao-1.pdf\">RELA\u00c7\u00c3O PRELIMINAR DE INSCRITOS<\/a> &#8211; <em>publicado em 03\/10\/2025<\/em><\/p>\n\n\n\n<p><a href=\"https:\/\/senadorcanedo.go.gov.br\/semed\/wp-content\/uploads\/sites\/9\/2025\/10\/relacao-definitiva-assinado.pdf\">RELA\u00c7\u00c3O DEFINITIVA DE INSCRITOS <\/a>&#8211; <em>publicado em 07\/10\/2025<\/em><\/p>\n\n\n\n<p><a href=\"https:\/\/senadorcanedo.go.gov.br\/semed\/wp-content\/uploads\/sites\/9\/2025\/10\/resultado-preliminar-da-analise-curricular-e-documental.pdf\">RESULTADO PRELIMINAR DA AN\u00c1LISE CURRICULAR E DOCUMENTAL (ETAPA 1)<\/a> &#8211; publicado em 10\/10\/2025<\/p>\n\n\n\n<p><a href=\"https:\/\/senadorcanedo.go.gov.br\/semed\/wp-content\/uploads\/sites\/9\/2025\/10\/resultado-final-da-analise-curricular-etapa-1.pdf\">RESULTADO FINAL DA AN\u00c1LISE CURRICULAR E DOCUMENTAL (ETAPA 1)<\/a> &#8211; publicado em 15\/10\/2025<\/p>\n\n\n\n<p><a href=\"https:\/\/senadorcanedo.go.gov.br\/wp-content\/uploads\/2025\/10\/Convocacao-para-Entrevista-Etapa-02.pdf\">SELE\u00c7\u00c3O INTERNA DE PROFESSORES CONTEUDISTAS CONVOCA\u00c7\u00c3O PARA ENTREVISTA (ETAPA 2) <\/a>&#8211; Publicado em 17\/10\/2025<\/p>\n\n\n\n<p><a href=\"https:\/\/senadorcanedo.go.gov.br\/semed\/wp-content\/uploads\/sites\/9\/2025\/10\/Resultado-final-e-homologacao.pdf\">RESULTADO FINAL E HOMOLOGA\u00c7\u00c3O<\/a> &#8211; publicado em 29\/10\/2025<\/p>\n","protected":false},"excerpt":{"rendered":"<p>EDITAL DE SELE\u00c7\u00c3O INTERNA DE PROFESSORES EFETIVOS DA REDE MUNICIPAL DE ENSINO DE SENADOR CANEDO PARA ATUAREM COMO PROFESSORES CONTEUDISTAS Clique aqui e acesse o edital Anexo II &#8211; Termo de Compromisso Formul\u00e1rios: Formul\u00e1rio de Inscri\u00e7\u00e3o Formul\u00e1rio de Recurso sobre Inscri\u00e7\u00f5es Formul\u00e1rio de Recurso sobre Resultado Preliminar Resultados RELA\u00c7\u00c3O PRELIMINAR DE INSCRITOS &#8211; publicado em [&hellip;]<\/p>\n","protected":false},"author":20,"featured_media":0,"parent":0,"menu_order":0,"comment_status":"closed","ping_status":"closed","template":"","meta":{"_acf_changed":false,"custom_icon_class":"","footnotes":""},"class_list":["post-30","page","type-page","status-publish","hentry"],"acf":[],"_links":{"self":[{"href":"https:\/\/senadorcanedo.go.gov.br\/semed\/wp-json\/wp\/v2\/pages\/30","targetHints":{"allow":["GET"]}}],"collection":[{"href":"https:\/\/senadorcanedo.go.gov.br\/semed\/wp-json\/wp\/v2\/pages"}],"about":[{"href":"https:\/\/senadorcanedo.go.gov.br\/semed\/wp-json\/wp\/v2\/types\/page"}],"author":[{"embeddable":true,"href":"https:\/\/senadorcanedo.go.gov.br\/semed\/wp-json\/wp\/v2\/users\/20"}],"replies":[{"embeddable":true,"href":"https:\/\/senadorcanedo.go.gov.br\/semed\/wp-json\/wp\/v2\/comments?post=30"}],"version-history":[{"count":10,"href":"https:\/\/senadorcanedo.go.gov.br\/semed\/wp-json\/wp\/v2\/pages\/30\/revisions"}],"predecessor-version":[{"id":63,"href":"https:\/\/senadorcanedo.go.gov.br\/semed\/wp-json\/wp\/v2\/pages\/30\/revisions\/63"}],"wp:attachment":[{"href":"https:\/\/senadorcanedo.go.gov.br\/semed\/wp-json\/wp\/v2\/media?parent=30"}],"curies":[{"name":"wp","href":"https:\/\/api.w.org\/{rel}","templated":true}]}}